{"version":"1.0","provider_name":"Erd\u00e9lyi Ifj\u00fas\u00e1gi Egyes\u00fclet","provider_url":"https:\/\/www.ata-ro.eu\/hu","author_name":"admin","author_url":"https:\/\/www.ata-ro.eu\/hu\/author\/admin","title":"Youth Power in Motion - Erd\u00e9lyi Ifj\u00fas\u00e1gi Egyes\u00fclet","type":"rich","width":600,"height":338,"html":"<blockquote class=\"wp-embedded-content\"><a href=\"https:\/\/www.ata-ro.eu\/hu\/projektjeink\/youth-power-in-motion.html\">Youth Power in Motion<\/a><\/blockquote>\n<script type='text\/javascript'>\n<!--\/\/--><![CDATA[\/\/><!--\n\t\t\/*! This file is auto-generated *\/\n\t\t!function(c,d){\"use strict\";var e=!1,n=!1;if(d.querySelector)if(c.addEventListener)e=!0;if(c.wp=c.wp||{},!c.wp.receiveEmbedMessage)if(c.wp.receiveEmbedMessage=function(e){var t=e.data;if(t)if(t.secret||t.message||t.value)if(!\/[^a-zA-Z0-9]\/.test(t.secret)){for(var r,a,i,s=d.querySelectorAll('iframe[data-secret=\"'+t.secret+'\"]'),n=d.querySelectorAll('blockquote[data-secret=\"'+t.secret+'\"]'),o=0;o<n.length;o++)n[o].style.display=\"none\";for(o=0;o<s.length;o++)if(r=s[o],e.source===r.contentWindow){if(r.removeAttribute(\"style\"),\"height\"===t.message){if(1e3<(i=parseInt(t.value,10)))i=1e3;else if(~~i<200)i=200;r.height=i}if(\"link\"===t.message)if(a=d.createElement(\"a\"),i=d.createElement(\"a\"),a.href=r.getAttribute(\"src\"),i.href=t.value,i.host===a.host)if(d.activeElement===r)c.top.location.href=t.value}}},e)c.addEventListener(\"message\",c.wp.receiveEmbedMessage,!1),d.addEventListener(\"DOMContentLoaded\",t,!1),c.addEventListener(\"load\",t,!1);function t(){if(!n){n=!0;for(var e,t,r=-1!==navigator.appVersion.indexOf(\"MSIE 10\"),a=!!navigator.userAgent.match(\/Trident.*rv:11\\.\/),i=d.querySelectorAll(\"iframe.wp-embedded-content\"),s=0;s<i.length;s++){if(!(e=i[s]).getAttribute(\"data-secret\"))t=Math.random().toString(36).substr(2,10),e.src+=\"#?secret=\"+t,e.setAttribute(\"data-secret\",t);if(r||a)(t=e.cloneNode(!0)).removeAttribute(\"security\"),e.parentNode.replaceChild(t,e)}}}}(window,document);\n\/\/--><!]]>\n<\/script><iframe sandbox=\"allow-scripts\" security=\"restricted\" src=\"https:\/\/www.ata-ro.eu\/hu\/projektjeink\/youth-power-in-motion.html\/embed\" width=\"600\" height=\"338\" title=\"&#8220;Youth Power in Motion&#8221; &#8212; Erd\u00e9lyi Ifj\u00fas\u00e1gi Egyes\u00fclet\" frameborder=\"0\" marginwidth=\"0\" marginheight=\"0\" scrolling=\"no\" class=\"wp-embedded-content\"><\/iframe>","thumbnail_url":"https:\/\/www.ata-ro.eu\/wp-content\/uploads\/2023\/11\/Diaktanacs-borito.jpg","thumbnail_width":1640,"thumbnail_height":924,"description":"Youth Power in Motion \u2013 Empowering Students for Advocacy and ChangeFelh\u00edv\u00e1s: European Youth Foundation \u2013 Pilot activityProjektsz\u00e1m: 7995.1.PA.2023Id\u0151tartam: 12 h\u00f3napC\u00e9lokEzzel a projekttel f\u0151 c\u00e9lunk, hogy t\u00e1mogassuk Sz\u00e9kelykereszt\u00far fiataljait a helyi v\u00e1rosi di\u00e1ktan\u00e1cs megalap\u00edt\u00e1s\u00e1ban \u00e9s m\u0171k\u00f6dtet\u00e9s\u00e9ben a tan\u00e1cs tagjainak kiv\u00e1laszt\u00e1s\u00e1val \u00e9s k\u00e9pz\u00e9s\u00e9vel, valamint workshopok szervez\u00e9s\u00e9vel az \u00e9rdekk\u00e9pviselet t\u00e9m\u00e1j\u00e1ban.C\u00e9lkit\u0171z\u00e9s 1 \u2013 A megl\u00e9v\u0151 iskolai di\u00e1ktan\u00e1csok t\u00e1mogat\u00e1sa.A projekt sor\u00e1n egyik c\u00e9lunk a 3 k\u00f6z\u00e9piskol\u00e1ban m\u0171k\u00f6d\u0151 di\u00e1ktan\u00e1cs felt\u00e9rk\u00e9pez\u00e9se, sz\u00fcks\u00e9g eset\u00e9n \u00faj tagok toborz\u00e1sa, valamint di\u00e1kok kiv\u00e1laszt\u00e1sa, akik r\u00e9szt vehetnek az egyes\u00fclet\u00fcnk \u00e1ltal szervezett k\u00e9pz\u00e9seken, majd a tud\u00e1st t\u00e1rsaikkal megosztva, iskolai szint\u0171 tev\u00e9kenys\u00e9geket bonyol\u00edtanak leSEE DETAILS"}

Erdélyi Ifjúsági Egyesület

Youth Power in Motion - Erdélyi Ifjúsági Egyesület

<blockquote class="wp-embedded-content"><a href="https://www.ata-ro.eu/hu/projektjeink/youth-power-in-motion.html">Youth Power in Motion</a></blockquote>
<script type='text/javascript'>
<!--//--><![CDATA[//><!--
		/*! This file is auto-generated */
		!function(c,d){"use strict";var e=!1,n=!1;if(d.querySelector)if(c.addEventListener)e=!0;if(c.wp=c.wp||{},!c.wp.receiveEmbedMessage)if(c.wp.receiveEmbedMessage=function(e){var t=e.data;if(t)if(t.secret||t.message||t.value)if(!/[^a-zA-Z0-9]/.test(t.secret)){for(var r,a,i,s=d.querySelectorAll('iframe[data-secret="'+t.secret+'"]'),n=d.querySelectorAll('blockquote[data-secret="'+t.secret+'"]'),o=0;o<n.length;o++)n[o].style.display="none";for(o=0;o<s.length;o++)if(r=s[o],e.source===r.contentWindow){if(r.removeAttribute("style"),"height"===t.message){if(1e3<(i=parseInt(t.value,10)))i=1e3;else if(~~i<200)i=200;r.height=i}if("link"===t.message)if(a=d.createElement("a"),i=d.createElement("a"),a.href=r.getAttribute("src"),i.href=t.value,i.host===a.host)if(d.activeElement===r)c.top.location.href=t.value}}},e)c.addEventListener("message",c.wp.receiveEmbedMessage,!1),d.addEventListener("DOMContentLoaded",t,!1),c.addEventListener("load",t,!1);function t(){if(!n){n=!0;for(var e,t,r=-1!==navigator.appVersion.indexOf("MSIE 10"),a=!!navigator.userAgent.match(/Trident.*rv:11\./),i=d.querySelectorAll("iframe.wp-embedded-content"),s=0;s<i.length;s++){if(!(e=i[s]).getAttribute("data-secret"))t=Math.random().toString(36).substr(2,10),e.src+="#?secret="+t,e.setAttribute("data-secret",t);if(r||a)(t=e.cloneNode(!0)).removeAttribute("security"),e.parentNode.replaceChild(t,e)}}}}(window,document);
//--><!]]>
</script><iframe sandbox="allow-scripts" security="restricted" src="https://www.ata-ro.eu/hu/projektjeink/youth-power-in-motion.html/embed" width="600" height="338" title="&#8220;Youth Power in Motion&#8221; &#8212; Erdélyi Ifjúsági Egyesület" frameborder="0" marginwidth="0" marginheight="0" scrolling="no" class="wp-embedded-content"></iframe>

Youth Power in Motion – Empowering Students for Advocacy and ChangeFelhívás: European Youth Foundation – Pilot activityProjektszám: 7995.1.PA.2023Időtartam: 12 hónapCélokEzzel a projekttel fő célunk, hogy támogassuk Székelykeresztúr fiataljait a helyi városi diáktanács megalapításában és működtetésében a tanács tagjainak kiválasztásával és képzésével, valamint workshopok szervezésével az érdekképviselet témájában.Célkitűzés 1 – A meglévő iskolai diáktanácsok támogatása.A projekt során egyik célunk a 3 középiskolában működő diáktanács feltérképezése, szükség esetén új tagok toborzása, valamint diákok kiválasztása, akik részt vehetnek az egyesületünk által szervezett képzéseken, majd a tudást társaikkal megosztva, iskolai szintű tevékenységeket bonyolítanak leSEE DETAILS
